*f**2 + 6*f + 6. Let h be p(-4). Let b be -7 + h + 0 + 2. Let i = 56 + b. Is i a prime number?
False
Let a = 1839 - 1040. Is a a prime number?
False
Let o = 2217 - 1418. Is o prime?
False
Suppose 6143 = 2*g - o, -4*o - 3061 = g - 2*g. Is g a prime number?
False
Suppose 2*a + 1 + 5 = 0. Is 2/a - (-341)/3 composite?
False
Suppose -4*c + 3*q + 7 = 8*q, -q - 7 = -2*c. Let p(s) = s**3 - 3 + 10*s**2 + 4*s + 6 + 4 - 2*s**c. Is p(10) composite?
False
Let y be 2/4*(-3 - -725). Let b = -198 + y. Let f = -110 + b. Is f a composite number?
False
Let v(g) = 6*g + 3. Is v(5) a composite number?
True
Let z(o) = 25*o**3 - 6*o**2 + o + 6. Let l(m) = -12*m**3 + 3*m**2 - m - 3. Let k(t) = 5*l(t) + 2*z(t). Let h be k(3). Is 16/6*h/(-20) a composite number?
True
Suppose q = -3*q + 12. Let v(i) = 2*i - 2. Let t be v(q). Suppose -t*y = -3*y - 21. Is y a prime number?
False
Suppose 0 = -2*f - 5*b + 4 + 25, 0 = -5*f - 5*b + 50. Suppose 3*y - 1035 = -3*p, -f*y + 1378 = 4*p - 2*y. Is p prime?
True
Let g = -2832 - -5327. Is g a composite number?
True
Suppose 165 = h - v, -h = 5*v - 3*v - 159. Is h a composite number?
False
Let i = -18 + 48. Suppose -i = -3*a + 12. Is a composite?
True
Let m be (-18)/(-4)*(-2)/(-3). Suppose 0 = -4*p + m*p + 13. Is p prime?
True
Let i be 6*(3 - (-7)/(-2)). Let v(n) = n**3 - 3*n**2 - 6*n + 3. Let o(p) = p**3 - 4*p**2 - 7*p + 4. Let z(u) = 4*o(u) - 5*v(u). Is z(i) a composite number?
False
Suppose h = -5*s + 669, 3*h - 1939 = -0*s + 2*s. Is h prime?
False
Let j(r) = r + 7. Let f be j(-7). Suppose f = -5*t - 303 + 898. Is t a prime number?
False
Let f(m) = m**3 - 6*m**2 + 6*m. Let t be f(5). Suppose -5*r = -q - 1172, -t*q + 429 = r + 179. Is r a prime number?
False
Suppose 0 = -15*t + 14*t + 1621. Is t prime?
True
Suppose 2*q + 3*q = 2*r - 44, -4*r = -q - 88. Suppose r = t - 199. Is t a prime number?
False
Let l(s) = -6*s**2 - 9*s - 5. Let m(i) = 2*i**2 + i + 2. Let v(p) = -p**2 - 1. Let z(x) = -2*m(x) - 3*v(x). Let w(b) = -2*l(b) + 11*z(b). Is w(12) prime?
False
Let i(r) = 580*r + 7. Is i(3) a prime number?
True
Suppose 5*v - 269 - 181 = 0. Let p = -41 + v. Is p composite?
True
Suppose 0*w = 5*p + 3*w - 251, -4*w = -3*p + 139. Is p prime?
False
Is ((-1726)/4)/(-6 - (-77)/14) a composite number?
False
Suppose 2*b - 4*b - 360 = 0. Let l = b + 371. Is l a prime number?
True
Let k = 239 + -164. Suppose -5*y = k + 55. Let h = y - -36. Is h a composite number?
True
Suppose -2*w + w - 108 = -2*u, 2*u = -5*w + 120. Suppose -2*l = -7*l + 2*s - 10, -2*s = 3*l - 10. Suppose -4*h + u - 15 = l. Is h composite?
True
Let y(c) = 3*c**3 + 18*c**2 + 24*c - 34. Let s be 4/(-1) + 5/(-5). Let r(b) = -5*b**3 - 27*b**2 - 36*b + 51. Let z(v) = s*r(v) - 8*y(v). Is z(12) prime?
False
Let b(g) = 10*g + 1. Let k = 0 + 0. Let v = 2 + k. Is b(v) a composite number?
True
Suppose 6 + 3 = 3*w. Let g(b) = -3 - 7*b + 11*b**2 - 2*b**3 - 3*b**2 + 3*b**w. Is g(-8) composite?
False
Is ((-56)/(-8) + -3)*(-12086)/(-8) a prime number?
True
Suppose 3*l - 6*l = -24. Let z be l/(-10)*1*-5. Suppose z*d - 19 = 33. Is d prime?
True
Suppose b + 2*b = 15. Let z(j) = 19*j. Is z(b) prime?
False
Suppose 6597 - 657 = 5*l + 5*d, 0 = -5*l - 3*d + 5950. Is l composite?
False
Suppose 4*p - 3*y = 26, 8 = -3*p + 5*p + y. Let g be p/3*(-2 + 35). Let o = 12 + g. Is o a composite number?
False
Let m(o) = 28*o**2 + o + 2. Let a(v) = v**2 - 11*v - 3. Let c be a(11). Is m(c) a prime number?
True
Suppose -5*g - 183 = -1468. Is g a prime number?
True
Let j(x) = 412*x**2 + 2*x - 1. Suppose 5*q = -0*q - 4*l + 1, q - 4*l - 5 = 0. Is j(q) a composite number?
True
Let k = 850 - 299. Is k prime?
False
Suppose -6*t = -844 - 4274. Is t prime?
True
Suppose -5*s + 2*f - 3*f + 71 = 0, -3*s = -3*f - 57. Suppose 89 + s = 2*i - a, 3*a + 153 = 3*i. Is i a composite number?
False
Let m be (-1178)/(-5) - (-8)/20. Is (m/12)/(2/6) prime?
True
Suppose g - 3*l - 202 = 40, -3*g + 738 = -5*l. Is g a prime number?
True
Let t(o) = 35*o**2. Let c be t(2). Suppose -2*q = -18 - c. Is q composite?
False
Suppose -x + 119 = 4*n, 2*x + 2*n + 3*n = 247. Is x a composite number?
False
Suppose 2*r + 2 = 0, 9 = 2*z + 3*r - 8*r. Is 376 - z/(1 - 3) composite?
True
Let j(r) = -r**2 - 7*r - 2. Let b be j(-5). Suppose 5*h + 6 = 1, -2*h = -2*u + b. Is u a prime number?
True
Is (-1 - 1) + (76 - -9) a prime number?
True
Let h = 4 - 2. Suppose x + 3*l - 11 = -x, 2*x - h*l = 6. Suppose 2*u - x*k - 196 = -62, -275 = -4*u + k. Is u prime?
False
Suppose 2*q - 1048 + 37 = -5*g, 3*q = g + 1491. Suppose 5*d = 2*d + q. Let w = d + -79. Is w prime?
False
Let c = 1 - 2. Let w = 8 + c. Is w prime?
True
Suppose 0 = 2*y - 4 - 12. Is (-201)/(-4) + 6/y a composite number?
True
Let d be (-4 + -63)*-2*1. Suppose -5*o = -4*c - d, 6*o = 2*o - c + 103. Is o a prime number?
False
Suppose 680 - 4045 = -5*i. Is i a prime number?
True
Let m be 14/(-49) - (-12287)/7. Is (-8)/(-28) + m/7 composite?
False
Suppose -2 + 10 = 2*t, 2*h = 4*t + 410. Is h prime?
False
Let f = 623 - 212. Is f composite?
True
Let y(i) = i + 87. Let s be y(0). Suppose 3*h = -m + 38, 3*h - s = -4*m + 4*h. Is m a composite number?
False
Let x = -10 - -17. Let s(d) = d**3 - 7*d**2 + 7*d + 6. Let g be s(x). Let o = -20 + g. Is o prime?
False
Let g = 495 + -74. Suppose 2*t - 1 = 3, g = 5*o + 3*t. Suppose 102 = -2*s + 5*s + 3*u, -3*u - o = -2*s. Is s prime?
True
Suppose 0 = -3*d - 47 - 4. Suppose -m = -2*m - 2*t + 34, t - 3 = 0. Let v = m + d. Is v a prime number?
True
Suppose 8*o - 3*o = 5*g + 950, 0 = o - 2*g - 192. Suppose -y + 3*s + 88 = 0, 0 = 2*y - 0*y - 2*s - o. Is y composite?
False
Let t(d) = -d - 2. Let z be t(-1). Let m = z + 3. Is 4/6*21/m composite?
False
Suppose -2*p = 2*p - 28. Suppose 4*n - 71 = -p. Suppose 3*u + n = -5*g + 68, 3*g - 54 = -3*u. Is u prime?
True
Let n(z) be the third derivative of z**5/30 - z**4/24 - z**3/2 - z**2. Is n(-4) prime?
False
Suppose -11 + 1 = -5*u. Let o = u + -413. Let d = -250 - o. Is d composite?
True
Let s be 6/(-15) + (-52)/20. Is (-663)/(-12) - s/(-12) prime?
False
Let a(t) = t**2 - t. Let m be a(2). Suppose 4*u + m*v = -39 - 51, 3*u + v = -68. Let r = u - -60. Is r a composite number?
False
Let h be 4*(0 - 58/(-8)). Let m be 4/2 + 2 + -19. Let v = m + h. Is v a composite number?
True
Let d be 14/(1/(2 - 1)). Suppose -5*z + d = -6. Is z composite?
True
Let h(b) = -2*b + 5. Suppose 3*k = -2*k. Suppose k = 2*f + 2*f + 20. Is h(f) a prime number?
False
Let i(y) = 3*y**3 - 5*y**2 - 2*y - 6. Let o be i(5). Suppose -126 = -5*c - 2*w + 457, -2*c + o = w. Is c composite?
True
Suppose 0 = 3*x + 2*x - 165. Suppose -3*a + 137 = 4*g, -x + 137 = 3*g + a. Is g a composite number?
True
Suppose -47 = 3*c + 4*k - 3*k, 3*k = 2*c + 35. Is 2 - (3*c + -3) prime?
True
Let b be 2 + (-47)/(2/2). Let d = 78 + b. Is d prime?
False
Suppose 4*g + k = 4*k + 7289, 5472 = 3*g + 3*k. Is g a prime number?
True
Suppose -2*m - 1015 = -5*q - 0*q, 0 = 4*q + m - 812. Is q a composite number?
True
Suppose 5*p + 15 = 0, -3*m - 268 = -p - 898. Is m a composite number?
True
Let i(m) = m**2 - 7*m + 5. Is i(-16) a prime number?
True
Suppose -636 = -4*h - 0*h. Is h prime?
False
Is -6 - (-3*2041 - 4) a composite number?
False
Suppose -1282 - 12 = 3*w + 5*m, 4*w + 1768 = 4*m. Let u = w + 825. Is u/7 + (-2)/7 a composite number?
True
Let r(p) be the second derivative of p**4/12 + p**3/2 - 11*p**2/2 + 3*p. Is r(10) composite?
True
Let z(q) be the second derivative of -7*q**5/10 - q**4/6 - q**3/6 + 3*q. Is z(-1) composite?
False
Suppose 5*g + 5*i = 5, 4 = 5*g + 3*i - 5. Is g + -3 - (-161 - 0) a prime number?
False
Let i(j) = 5*j**2 + 8*j + 8. Let n be i(-6). Suppose 2*p = 4*p - n. Let o = 116 - p. Is o composite?
True
Suppose 5*f - 35 = -3*c, 3*c - 70 = -0*f + 2*f. Is (c/30)/((-2)/(-2031)) prime?
True
Let r(u) = -64*u + 1. Is r(-1) a composite number?
True
Is (-2)/(-11) + 888312/264 composite?
True
Let v be 2/(-1) + 126/1. Let u = 250 - v. Suppose -k = 3, -d - 2*d = -3*k - u. Is d a composite number?
True
Suppose 0 = 5*b - 2*r - 2355, 5*b - 125 = -2*r + 2210. Is b a composite number?
True
Suppose -5*m = -m - z - 10, m - 3*z - 8 = 0. Suppose 4*r - 4 = m*r. Is r a prime number?
True
Let a be 2 + (-7)/2*2. Let y(g) = 21 - 58 + 5*g**2 + 31 - 3*g**2 + 5*g. Is y(a) prime?
True
Let w(y) = -y**3 + 6*y**2 + 3*y - 